*q = -2*q - 12. Let a = -3 + q. Calculate x(a).
-3
Suppose 6 = -3*i - 2*j, -5*i + 3*j - 13 = -4*i. Let s(l) = l**3 + 7*l**2 + 8*l + 8. What is s(i)?
24
Let m(o) = 1 - 6 - 6 + 92*o**2 - 91*o**2 + 2 - 9*o. Let p be m(10). Let x(r) be the first derivative of -5*r**2 + r - 1. Give x(p).
-9
Suppose 4*t + 2*u = -2*u + 12, 5*t = 3*u + 39. Let b(g) = -956 + 329 + 319 + 321 - 3*g. Give b(t).
-5
Let l(c) = c**2 + 3*c - 5. Let g be l(-5). Let i(m) = 9*m - 192. Let f(y) = 4*y - 79. Let r(h) = -5*f(h) + 2*i(h). Calculate r(g).
1
Let z(k) = 2*k - 4. Let d = -48 - -243. Let x = d + -189. What is z(x)?
8
Let d(r) = -4*r + 29. Let y be d(7). Let x(f) = 13 - 20*f - y + 19*f. Give x(5).
7
Let o be -1 + 2*1/(-2). Let f(j) = 209 - 278*j**2 - j**3 - 208 + 273*j**2. Calculate f(o).
-11
Let g(k) be the first derivative of k**3/3 - 7*k**2/2 + 51. Suppose -5*o = 8*o - 52. Suppose -3*f + 3*d + d + 2 = 0, 4*f - o*d = 8. Give g(f).
-6
Let k(p) = -2*p**2. Suppose 2*m = -2*x + 9 - 3, 0 = m - x + 3. Let w be m - ((-4)/10)/((-15)/(-150)). Let a be (-4 - (-3 - w))*-1. What is k(a)?
-18
Let y(v) = 1162*v**2 - 1163*v**2 - 70 + 33. What is y(0)?
-37
Suppose -24*w + 18*w = -72. Let j be w/7*(6 - (-20)/(-8)). Let r(v) = 1 - v**2 + 0*v - 5*v**2 - v + v**3. What is r(j)?
-5
Let z(u) be the first derivative of u**6/180 + u**5/15 + 8*u**3/3 + u**2/2 + 93. Let y(j) be the third derivative of z(j). What is y(-7)?
42
Let f(n) = -n**2 - 10*n + 40. Let u be (26 - (1 - 1))*-2*3/12. What is f(u)?
1
Let l(w) = w**2 + 4*w - 5. Suppose 0*a - 165 = -15*a. Suppose 12*d = a*d - 5. What is l(d)?
0
Let g = -8303 + 8299. Let o(n) = -6 - 5*n + 0*n + 3*n**2 - 4*n**3 + 5*n**3 - 3. Calculate o(g).
-5
Let l(y) = y**2 + 12*y + 5. Let r be ((-1)/(-3))/(0 + 1/1749). Let n = r - 594. Determine l(n).
-6
Let u(r) = -2*r**2 + 2*r + 2. Let x be (3 - (-6)/(-4))/(4/152). Let h be (-2 - 3)*x/(-5). Let t = h - 54. Give u(t).
-10
Let g(d) = -d**3 + 15*d**2 + 15*d + 17. Suppose 30*y = 595 - 115. What is g(y)?
1
Let z be -4 + 25 + -11 + -13 + (-5)/(-1). Let d(l) be the third derivative of 0 - 10*l**z + 0*l + 1/24*l**4 + 3/2*l**3. What is d(0)?
9
Let t(z) be the third derivative of z**4/24 + 2*z**3/3 + z**2. Suppose -2 = -q + 2. Suppose -h - q*u = -16, -20 = -5*h - 7*u + 2*u. Calculate t(h).
4
Let x(c) = c**3 - 7*c**2 + 10*c - 14. Let g(f) = 3*f**3 - 21*f**2 + 28*f - 41. Let r(h) = 4*g(h) - 11*x(h). What is r(3)?
-40
Suppose 2*o = c - 901 + 933, -4*o + 28 = 4*c. Let j(h) = h - 14. Determine j(o).
-1
Let v(r) be the second derivative of r**3/6 - r**2 - 9*r. Suppose -30 = 2*d - 5*d. Suppose 0 = 7*b - 4 - d. What is v(b)?
0
Let s(t) be the second derivative of -t**6/120 - 7*t**5/60 - t**4/4 - t**3/2 + 31*t**2 + 2*t - 8. Let w(d) be the first derivative of s(d). Give w(-6).
-3
Let r = 248 + -243. Let c(h) = -6*h + 18. What is c(r)?
-12
Suppose -39 = 11*g + 2*g. Let a(s) = 60*s**3 + 61*s**3 + 11*s**2 - 11*s**2 - 120*s**3. What is a(g)?
-27
Suppose -2*f - s = 13 - 23, -14 = -3*f - 2*s. Let c(u) = f*u**2 - 2*u**2 - 8*u - 8*u**2 + 3 + 5*u**2. Let o(x) = x**2 + 2. Let k be o(-2). Give c(k).
-9
Let w(i) = -i**3 + 19*i**2 - 19*i + 23. Let a be (18/21)/((-6)/21) - -21. Determine w(a).
5
Let g(o) = o**3 - 4*o**2 - 2*o + 5. Let i be (38/(-228) + 15/18*-1)*-4. Determine g(i).
-3
Let d(r) = 2*r**3 - r**3 - 39 - 14*r - 15*r - 18*r**2 + 43*r**2. Let y be d(-26). Suppose -u + y - 41 = 0. Let g(m) = -m**2 - m + 2. Determine g(u).
0
Let u = -7 - -9. Let l(i) = -2 - i**2 - 2*i + u. Let n = -80 + 83. Calculate l(n).
-15
Suppose -7973*m = -7968*m - 15. Let t(h) be the second derivative of 0 + 3*h**2 - 4/3*h**m - 1/12*h**4 - 23*h. Calculate t(-9).
-3
Let q = 42 - -34. Let g be 369/117 + (-2)/13. Let o(i) = i**2 - 4*i**3 - q*i + 74*i + 1 + 9*i**g. Determine o(1).
5
Let b(l) = -11*l**3 + 33*l**2 - 28*l - 133. Let u(q) = 5*q**3 - 14*q**2 + 14*q + 67. Let d(z) = -4*b(z) - 9*u(z). Give d(-6).
13
Let f(m) = -1681*m + 31. Let l(x) = 54*x - 1. Let p(r) = f(r) + 31*l(r). Let w be 6/9 - (-23)/(-3). What is p(w)?
49
Let m = 34034 + -34030. Let f(g) be the third derivative of g**2 - 1/3*g**m - 17*g + 1/6*g**3 + 0. Calculate f(3).
-23
Let y(w) = -w**3 - 8*w**2 + 5*w + 46. Let k be (87 + -107)/(15/6). Give y(k).
6
Suppose 44*h - 120 - 276 = 0. Let y(k) = -k**3 + 10*k**2 - 9*k + 10. Calculate y(h).
10
Let z(k) = -14*k - 5. Let a(t) = 2 + 30*t + 0 - 3 + 5 - 21*t. Let u(l) = 4*a(l) + 3*z(l). Calculate u(2).
-11
Let v be ((-8)/(-3 + -1))/(10/35). Let h(c) = 4*c - 31. Give h(v).
-3
Let v(c) = c**2 + 6*c + 3. Let s = 694 - 1034. Let l = -342 - s. Determine v(l).
-5
Suppose 2*k - 4 = w, 13 = -7*k + 10*k + 2*w. Suppose -d = 4*q + 5, 7 = -k*d - d - 3*q. Let m(t) = -10*t**2 - t + 1. Determine m(d).
-8
Let g be (0 + -2)*3/6. Let h(w) = 141*w**2 + 7*w + 7. Let q(c) = -37*c**2 - 2*c - 2. Let k(m) = -3*h(m) - 11*q(m). What is k(g)?
-16
Let j(s) be the third derivative of 13*s**6/120 - s**5/30 - s**4/24 + s**3/3 - 995*s**2. Give j(1).
12
Let i(p) = 6*p**2 - 4*p**2 + 1 + 4*p + 0*p - 3*p. Let r be (-5)/50*-35*40/14. Suppose -4*n + 10 = 5*y - 11, 0 = -5*n + y - r. Determine i(n).
2
Suppose -b + 5 = 0, 5*f = 5*b - b + 5. Suppose 0 = -0*c + f*c - 20. Let l(a) = -2 + 1491*a**3 - 2985*a**3 + 127*a**2 - 131*a**2 + 1495*a**3 + 2 + a. Give l(c).
4
Let x(y) = y**2 - 8*y + 26. Let c be x(4). Suppose 0*n + 70 = c*n. Let o(u) = u**2 - 7*u + 2. Calculate o(n).
2
Let u be 8/20*35685/1098. Let g(p) = 2*p - 53. Let v(f) = -f + 26. Let i(d) = 6*g(d) + 13*v(d). Give i(u).
7
Suppose -3*u + 6 = -u. Let x = 144 + -142. Let o(w) = -4*w**2 - 22 + 2*w**x + 3*w + 25. Calculate o(u).
-6
Let h be -53 + (-2 - (1 + -4)). Let d be (26/h)/(1/(-6)). Let z(c) = 2 - 3*c**2 - c**2 + 2*c + d*c**2 - 5. Determine z(2).
-3
Let b(k) = 2*k. Suppose 0 = 5*y - 9*y + 12. Suppose -y*w = -6*w + 4*w. Suppose w = x + x - 10. Determine b(x).
10
Let v(d) = 6*d**3 + 2*d**2 + 2*d. Suppose -119*s = 125 - 6. Determine v(s).
-6
Let w(g) = -20*g + 82. Let r(d) = -675*d - 4721. Let u be r(-7). Determine w(u).
2
Let z(v) = -v**3 + 4*v**2 + 2*v - 9. Let t(r) = 17*r**3 + 3*r**2 - 8*r + 6. Let x be t(1). Let q be 76/x + 10/(-45). Determine z(q).
-1
Let x(i) = -5*i**3 + 9*i**2 + 16*i - 10. Let q(u) = 9*u**3 - 18*u**2 - 31*u + 20. Let w(r) = 4*q(r) + 7*x(r). Calculate w(10).
-10
Let d(p) = p**3 - 25*p**2 - 2*p + 45. Let q(k) = -17*k + 348. Let a be q(19). What is d(a)?
-5
Let z be (16/42)/((-423)/(-8883)). Let m(g) = g + 4 - 3 - 3. Give m(z).
6
Let m(j) = 104*j + 521. Let p be (-217)/(-434)*20/(-2). What is m(p)?
1
Let l(z) = 4*z**2 - 14*z + 15. Let d be l(1). Let r(j) be the third derivative of j**5/60 + j**4/12 - 2*j**3/3 - 13*j**2. Calculate r(d).
31
Let i be -12*34/17 + 11. Let t(y) = y**3 + 12*y**2 - 13*y + 6. Calculate t(i).
6
Let o(w) = -35*w + 1877. Let j be o(53). Let d(s) = 3*s**2 - 70*s + 93. Calculate d(j).
5
Let w(t) be the second derivative of t**4/12 - 2*t**3/3 - 11*t**2 - 756*t - 1. Give w(8).
10
Let d(o) = o + 2*o**2 - 3*o**2 + o**2 + 2 - o**2. Let z be (-4)/10 - (-10)/25*1. Calculate d(z).
2
Let i(x) = -3*x - 55. Suppose -2535 = 139*l - 33. Give i(l).
-1
Let l be (-3)/6 + (-10)/4. Let v(f) = -3*f - 7624 + f**3 + 15256 - 7630. Give v(l).
-16
Let t(l) = -7. Let i(n) = -n - 3. Let y(o) = -i(o) - 3*t(o). Suppose k - 2*k - 11 = 0. What is y(k)?
13
Let n(g) = -63*g + 209*g - 66*g - 41 - 73*g. Give n(6).
1
Let u(w) = -48*w - 65 + 368728*w**3 - 368727*w**3 + 12*w**2 + 15*w. Calculate u(-14).
5
Let b(i) = 9*i + 192. Let h be b(-21). Let x(r) = -h + 262*r + 8 - 260*r. Give x(-5).
-5
Let o(a) = a**3 - a**2 - a + 5. Suppose 9 = 11*u - 2*u. Let p be 11*(1/u - 3). Let r = p + 22. Calculate o(r).
5
Suppose 2*y - 4 = -3*d, -d + 5*y = -3*d + 10. Suppose 10*i - 27 - 13 = d. Let n(g) = g**2 + 6*g - 4. Determine n(i).
36
Let s(p) = 3*p + 6*p + 18 - p - 7*p. Let d be (-26 - -28) + (-17 - 0). What is s(d)?
3
Let d(z) = z**2 + z + 5. Let c(y) = -833 + 1659 - 827. Let q(v) = -4*c(v) - d(v). Let t be ((-2)/(-4))/(1/(-2)). Determine q(t).
-1
Let m(d) be the third derivative of -d**6/120 + d**5/20 - d**4/12 + d**3/3 - 6*d**2. Let f be 2/(-2*63/28 + 2 + 3). Calculate m(f).
-22
Let z(m) = m**2 + 8*m + 10. Let p(n) = -2*n - 19. Let o be p(-10). Let d be (3 + 2)/(o/(-11)). Let g be 4/(-10) + 418/d. What is z(g)?
10
Let v(g) = -36 - 12*g**3 + 7 + 